ue
Is 574271769 prime?
False
Is 318411339 prime?
False
Is 23299411 composite?
False
Is 46018871 prime?
True
Is 15596099 a prime number?
True
Is 131223761 a composite number?
False
Is 6784459 composite?
True
Is 3332609 a composite number?
True
Is 19220807 a prime number?
True
Is 726773 composite?
True
Is 7918997 composite?
True
Is 2828939 prime?
True
Is 5040899 a prime number?
True
Is 13325167 a prime number?
False
Is 6538361 a prime number?
False
Is 324101935 prime?
False
Is 4640717 prime?
True
Is 2282009 a composite number?
True
Is 72682433 a prime number?
True
Is 204469 composite?
True
Is 700208981 a composite number?
False
Is 7244387 a composite number?
True
Is 35384033 a composite number?
False
Is 51889027 a prime number?
False
Is 359243 prime?
True
Is 1549931 a composite number?
False
Is 72680999 a prime number?
True
Is 2747123 prime?
False
Is 10315363 composite?
False
Is 24105451 composite?
False
Is 101241379 a composite number?
False
Is 9942157 a prime number?
False
Is 3863239 composite?
False
Is 6769163 prime?
False
Is 133987831 a composite number?
False
Is 15303 prime?
False
Is 13658137 a prime number?
False
Is 327000554 a composite number?
True
Is 86256329 a composite number?
False
Is 96989491 a prime number?
False
Is 6223667 a composite number?
False
Is 3550837 prime?
True
Is 206383 prime?
True
Is 2027374 a composite number?
True
Is 2852281 a prime number?
True
Is 1674255041 prime?
True
Is 411469 composite?
False
Is 11914853 prime?
False
Is 2280977 a composite number?
False
Is 31385407 prime?
False
Is 93494879 a composite number?
False
Is 206147617 a composite number?
True
Is 19446659 a composite number?
False
Is 265052617 a prime number?
False
Is 11860327 composite?
False
Is 7715 a composite number?
True
Is 264561323 prime?
False
Is 94220233 a prime number?
False
Is 26708809 a prime number?
True
Is 37744649 a prime number?
True
Is 135141085 a prime number?
False
Is 117493309 composite?
False
Is 87718447 a prime number?
True
Is 229958213 a composite number?
False
Is 97058203 prime?
False
Is 67773701 composite?
True
Is 136557221 composite?
False
Is 20693599 composite?
True
Is 4088633 composite?
False
Is 2208041 a prime number?
False
Is 3526703 composite?
True
Is 59837389 a prime number?
True
Is 42788873 prime?
True
Is 283900361 prime?
True
Is 20465113 a composite number?
False
Is 9489257 a prime number?
False
Is 1830901 a prime number?
True
Is 63854891 prime?
True
Is 368155577 a composite number?
True
Is 17357786 prime?
False
Is 2944699 a prime number?
True
Is 25592257 a prime number?
True
Is 293977877 composite?
True
Is 53557607 composite?
False
Is 554471161 composite?
False
Is 1744537 composite?
True
Is 16268047 prime?
False
Is 2430671 prime?
True
Is 43071901 a prime number?
True
Is 16036939 prime?
True
Is 882823 a composite number?
False
Is 774959 a composite number?
False
Is 3893111 a composite number?
False
Is 588860089 composite?
False
Is 1999229 prime?
False
Is 29322049 a composite number?
False
Is 2915219 composite?
False
Is 510449 composite?
False
Is 28723217 a composite number?
True
Is 11923057 a composite number?
False
Is 105718157 a composite number?
False
Is 190873922 prime?
False
Is 239767277 a composite number?
False
Is 203369 a composite number?
True
Is 52025854 prime?
False
Is 44141 a prime number?
False
Is 987851 composite?
False
Is 9248621 prime?
True
Is 76742189 composite?
False
Is 19644371 a composite number?
True
Is 3492397 a composite number?
False
Is 2071967 prime?
False
Is 5725385 prime?
False
Is 3012767 composite?
True
Is 69892687 a composite number?
True
Is 1872491 composite?
False
Is 255013507 prime?
False
Is 23345099 prime?
False
Is 54719 prime?
False
Is 9648659 a prime number?
True
Is 1602311 composite?
False
Is 411164249 a prime number?
False
Is 4292009 a composite number?
False
Is 12756589 a prime number?
True
Is 6092206 prime?
False
Is 86287 a prime number?
True
Is 46852277 prime?
False
Is 20257511 a prime number?
False
Is 5932177 a prime number?
True
Is 24493561 a composite number?
False
Is 3393997 composite?
False
Is 4771417 a composite number?
True
Is 8980553 a composite number?
True
Is 25493903 a prime number?
True
Is 204155491 a prime number?
False
Is 4333537 a composite number?
True
Is 19279379 a composite number?
True
Is 246419669 prime?
True
Is 2548823 prime?
False
Is 409175491 composite?
False
Is 22319057 composite?
False
Is 147402953 a prime number?
True
Is 1837317 a prime number?
False
Is 730171 a composite number?
True
Is 15832043 prime?
True
Is 981769 a composite number?
False
Is 215359 a composite number?
False
Is 567329629 a composite number?
False
Is 20684137 composite?
True
Is 405157 composite?
False
Is 6829567 composite?
False
Is 245393 a prime number?
False
Is 1371505 a composite number?
True
Is 74149991 composite?
False
Is 2983241 composite?
True
Is 12352343 a prime number?
True
Is 27190741 prime?
False
Is 2023459 prime?
False
Is 723654941 composite?
False
Is 13246711 composite?
False
Is 2742407 prime?
True
Is 76397579 composite?
True
Is 4580959 a composite number?
False
Is 74739629 composite?
False
Is 26070719 a prime number?
True
Is 621468647 prime?
True
Is 56750383 composite?
False
Is 69534771 a prime number?
False
Is 4453261 composite?
True
Is 1327197 prime?
False
Is 2062289 prime?
True
Is 80252239 a composite number?
False
Is 555230783 prime?
True
Is 9612061 a composite number?
True
Is 587341 prime?
True
Is 578611119 a prime number?
False
Is 52446874 a prime number?
False
Is 580339 a prime number?
True
Is 332687483 prime?
True
Is 5552749 a prime number?
False
Is 38109599 composite?
True
Is 1589267 composite?
True
Is 442997 a composite number?
False
Is 511163 composite?
False
Is 32630003 a prime number?
False
Is 245045903 prime?
True
Is 802877 a composite number?
True
Is 25444747 composite?
True
Is 212768359 a prime number?
False
Is 22366391 prime?
True
Is 9021401 prime?
True
Is 14854247 prime?
True
Is 5576677 prime?
False
Is 807188489 a composite number?
True
Is 37897 composite?
False
Is 14264779 composite?
True
Is 11194853 prime?
False
Is 5570897 composite?
True
Is 17103613 composite?
False
Is 31125329 composite?
False
Is 331870093 a prime number?
False
Is 11744771 composite?
True
Is 52540478 composite?
True
Is 4269011 a prime number?
False
Is 68801899 a prime number?
False
Is 47818063 composite?
False
Is 117804989 prime?
False
Is 15607121 a prime number?
True
Is 151805545 composite?
True
Is 7344287 a prime number?
True
Is 2639093 composite?
False
Is 11321509 a prime number?
True
Is 3954557 composite?
True
Is 21811171 a composite number?
False
Is 443208287 composite?
False
Is 34750951 a prime number?
False
Is 234679 prime?
False
Is 2256301 prime?
False
Is 1923547 prime?
True
Is 5478098 prime?
False
Is 27065743 composite?
False
Is 1948411 prime?
True
Is 127042729 composite?
True
Is 8547541 prime?
True
Is 2964041 a composite number?
False
Is 48375137 a composite number?
False
Is 13962707 prime?
False
Is 24104285 a composite number?
True
Is 39767591 prime?
False
Is 105028537 prime?
False
Is 94269365 a prime number?
False
Is 7760561 a composite number?
False
Is 341902447 a composite number?
False
Is 1587266 prime?
False
Is 84774649 a composite number?
False
Is 61278241 a prime number?
True
Is 243197 a composite number?
False
Is 21508307 a prime number?
False
Is 6703153 prime?
True
Is 58382881 a composite number?
False
Is 137201017 composite?
True
Is 6662218 a prime number?
False
Is 146398697 prime?
True
Is 1243129 composite?
False
Is 371251459 prime?
True
Is 106848121 a composite number?
True
Is 70451783 composite?
True
Is 24244469 composite?
True
Is 24230317 a prime number?
False
Is 12541429 prime?
False
Is 412849 composite?
False
Is 12850919 composite?
False
Is 293257 a composite number?
False
Is 28316471 prime?
True
Is 8568143 prime?
False
Is 158843 a composite number?
False
Is 403986057 a prime number?
False
Is 173597 a prime number?
False
Is 1334189 a composite number?
True
Is 804117179 a composite number?
False
Is 94219973 prime?
True
Is 34695757 a prime number?
True
Is 5699669 prime?
True
Is 38472047 a prime number?
True
Is 4455611 prime?
True
Is 4079519 prime?
True
Is 626431 a composite number?
True
Is 122122909 a prime number?
True
Is 285082691 a prime number?
True
